{"id":36,"date":"2025-03-21T11:35:43","date_gmt":"2025-03-21T10:35:43","guid":{"rendered":"https:\/\/ohcestbeau.eu\/?page_id=36"},"modified":"2025-04-28T08:01:33","modified_gmt":"2025-04-28T06:01:33","slug":"oh-cest-beau","status":"publish","type":"page","link":"https:\/\/ohcestbeau.eu\/","title":{"rendered":"Oh c&#8217;est beau !"},"content":{"rendered":"\n<div class=\"wp-block-columns is-layout-flex wp-container-core-columns-is-layout-9d6595d7 wp-block-columns-is-layout-flex\">\n<div class=\"wp-block-column is-layout-flow wp-block-column-is-layout-flow\">\n<p>Que ce soit dans la rue, un mus\u00e9e, un ch\u00e2teau ou une exposition, nous, sketchers, nous installons sur notre tabouret, carnet et crayons en main, et nous dessinons ce que nous voyons, en direct.<\/p>\n\n\n\n<p>Et forc\u00e9ment, \u00e7a intrigue les passants !<\/p>\n\n\n\n<p>Dr\u00f4les, touchants, r\u00e9p\u00e9titifs ou carr\u00e9ment insolites, ces \u00e9changes font partie int\u00e9grante du plaisir du dessin sur le vif !<\/p>\n<\/div>\n\n\n\n<div class=\"wp-block-column random is-layout-flow wp-block-column-is-layout-flow\"><figure class=\"wp-block-image\"><img decoding=\"async\" class=\"hot-random-image\" style=\"width:100%; height:auto;\" src=\"https:\/\/ohcestbeau.eu\/wp-content\/images\/contributions\/ref8.png\" alt=\"\" \/><\/figure>\n\n\n<div class=\"wp-block-buttons is-content-justification-center is-layout-flex wp-container-core-buttons-is-layout-16018d1d wp-block-buttons-is-layout-flex\">\n<div class=\"wp-block-button\"><a class=\"wp-block-button__link wp-element-button\" href=\"https:\/\/ohcestbeau.eu\/?page_id=53\">ContRIBUEZ !<\/a><\/div>\n<\/div>\n<\/div>\n<\/div>\n\n\n\n<div class=\"wp-block-columns is-layout-flex wp-container-core-columns-is-layout-9d6595d7 wp-block-columns-is-layout-flex\">\n<div class=\"wp-block-column is-layout-flow wp-block-column-is-layout-flow\"><\/div>\n\n\n\n<div class=\"wp-block-column is-layout-flow wp-block-column-is-layout-flow\"><\/div>\n<\/div>\n","protected":false},"excerpt":{"rendered":"<p>Que ce soit dans la rue, un mus\u00e9e, un ch\u00e2teau ou une exposition, nous, sketchers, nous installons sur notre tabouret, carnet et crayons en main, et nous dessinons ce que nous voyons, en direct. Et forc\u00e9ment, \u00e7a intrigue les passants ! Dr\u00f4les, touchants, r\u00e9p\u00e9titifs ou carr\u00e9ment insolites, ces \u00e9changes font partie int\u00e9grante du plaisir du [&hellip;]<\/p>\n","protected":false},"author":1,"featured_media":0,"parent":0,"menu_order":0,"comment_status":"closed","ping_status":"closed","template":"templates\/template-full-width.php","meta":{"footnotes":""},"class_list":["post-36","page","type-page","status-publish","hentry"],"_links":{"self":[{"href":"https:\/\/ohcestbeau.eu\/index.php?rest_route=\/wp\/v2\/pages\/36","targetHints":{"allow":["GET"]}}],"collection":[{"href":"https:\/\/ohcestbeau.eu\/index.php?rest_route=\/wp\/v2\/pages"}],"about":[{"href":"https:\/\/ohcestbeau.eu\/index.php?rest_route=\/wp\/v2\/types\/page"}],"author":[{"embeddable":true,"href":"https:\/\/ohcestbeau.eu\/index.php?rest_route=\/wp\/v2\/users\/1"}],"replies":[{"embeddable":true,"href":"https:\/\/ohcestbeau.eu\/index.php?rest_route=%2Fwp%2Fv2%2Fcomments&post=36"}],"version-history":[{"count":9,"href":"https:\/\/ohcestbeau.eu\/index.php?rest_route=\/wp\/v2\/pages\/36\/revisions"}],"predecessor-version":[{"id":68,"href":"https:\/\/ohcestbeau.eu\/index.php?rest_route=\/wp\/v2\/pages\/36\/revisions\/68"}],"wp:attachment":[{"href":"https:\/\/ohcestbeau.eu\/index.php?rest_route=%2Fwp%2Fv2%2Fmedia&parent=36"}],"curies":[{"name":"wp","href":"https:\/\/api.w.org\/{rel}","templated":true}]}}